{"id":2633,"date":"2021-12-07T13:49:34","date_gmt":"2021-12-07T12:49:34","guid":{"rendered":"https:\/\/www.salinen.com\/shop\/?post_type=product&#038;p=2633"},"modified":"2023-11-01T13:22:42","modified_gmt":"2023-11-01T12:22:42","slug":"salpina-abo-spezial-salz-5x1kg","status":"publish","type":"product","link":"https:\/\/www.salinen.com\/shop\/de\/produkt\/salpina-abo-spezial-salz-5x1kg\/","title":{"rendered":"SALPINA SPEZIAL-SALZ 5x1kg"},"content":{"rendered":"<div class=\"row thb-product-main-row\">\n<div class=\"container\">\n<div class=\"row\">\n<div class=\"col-xs-6 col-sm-4 col-md-3 col-lg-1\" style=\"text-align: center;\"><img loading=\"lazy\" class=\"alignnone size-medium wp-image-4970\" src=\"https:\/\/www.salinen.com\/shop\/wp-content\/uploads\/2022\/05\/ICON_glaenzendes-Spuelergebnis.png\" alt=\"Gl\u00e4nzendes Sp\u00fclergebnis\" width=\"100\" height=\"100\" \/><br \/>\n<span style=\"text-align: center; font-size: 11px; font-weight: bold;\">GL\u00c4NZENDES<br \/>\nSP\u00dcLERGEBNIS<\/span><\/div>\n<div class=\"col-xs-6 col-sm-4 col-md-3 col-lg-2\" style=\"text-align: center;\"><img loading=\"lazy\" class=\"alignnone size-medium wp-image-4968\" src=\"https:\/\/www.salinen.com\/shop\/wp-content\/uploads\/2022\/05\/ICON_schuetzt-Geraete.png\" alt=\"Sch\u00fctzt Ger\u00e4te\" width=\"100\" height=\"100\" \/><br \/>\n<span style=\"text-align: center; font-size: 11px; font-weight: bold;\">SCH\u00dcTZT<br \/>\nGER\u00c4TE<\/span><\/div>\n<div class=\"col-xs-6 col-sm-4 col-md-3 col-lg-1\" style=\"text-align: center;\"><img loading=\"lazy\" class=\"alignnone size-medium wp-image-4966\" src=\"https:\/\/www.salinen.com\/shop\/wp-content\/uploads\/2022\/05\/ICON_EN-zertifiziert.png\" alt=\"EN-Zertifiziert\" width=\"100\" height=\"100\" \/><br \/>\n<span style=\"text-align: center; font-size: 11px; font-weight: bold;\">EN<br \/>\nZERTIFIZIERT<\/span><\/div>\n<div class=\"col-xs-6 col-sm-4 col-md-3 col-lg-2\" style=\"text-align: center;\"><img loading=\"lazy\" class=\"alignnone size-medium wp-image-4962\" src=\"https:\/\/www.salinen.com\/shop\/wp-content\/uploads\/2022\/05\/ICON_biologisch-Abbaubar.png\" alt=\"Biologisch abbaubar\" width=\"100\" height=\"100\" \/><br \/>\n<span style=\"text-align: center; font-size: 11px; font-weight: bold;\">BIOLOGISCH<br \/>\nABBAUBAR<\/span><\/div>\n<\/div>\n<\/div>\n<div class=\"small-12 medium-6 columns\" style=\"margin-top: 20px;\">\n<p><strong>SALPINA Spezial-Salz<\/strong> verhindert Kalkablagerungen auf Gl\u00e4sern und Geschirr, verbessert erheblich das Sp\u00fclergebnis und sch\u00fctzt Ihr Ger\u00e4t vor teuren Reparaturen. Mit einem Reinheitsgrad von \u00fcber 99,6 % ist sorgt <strong>SALPINA Spezial-Salz<\/strong> f\u00fcr eine effektive Regenerierung Ihrer Sp\u00fclmaschinen und ist dabei v\u00f6llig frei von Duft- und Farbstoffen. Aufgrund der hohen Konzentration ist auch sonst keinerlei Chemie notwendig. <strong>SALPINA Salz-Tabs<\/strong> entsprechen nat\u00fcrlich den g\u00e4ngigen Trinkwasser-Verordnungen.<br \/>\nDie umweltfreundliche und nachhaltige Verpackung aus Graskarton ist leicht zu \u00f6ffnen und das Geschirrsp\u00fclsalz ganz einfach zu dosieren.<br \/>\nSALPINA Spezial-Salz stammt zu 100 % aus \u00d6sterreichs Alpen.<\/p>\n<p><strong>WARUM BEN\u00d6TIGE ICH SALZ F\u00dcR DEN GESCHIRRSP\u00dcLER?<\/strong><br \/>\nGeschirrsp\u00fcler besitzen einen Wasserenth\u00e4rter, der Kalk und Magnesium aus dem Wasser filtert. Daf\u00fcr ben\u00f6tigt der Ionentauscher im Wasserenth\u00e4rter Geschirrsp\u00fcl- oder Regeneriersalz. So werden Kalkablagerungen in der Maschine und am Geschirr vermieden, Verstopfungen vorgebeugt und teure Reparaturarbeiten verhindert.<\/p>\n<p><strong>H\u00f6chste Effektivit\u00e4t: \u00fcber 99,6 % NaCI Reinheit sichert h\u00f6chste Wirkung.<\/strong><\/p>\n<\/div>\n<\/div>\n","protected":false},"excerpt":{"rendered":"<h2>Grobk\u00f6rniges Spezial-Salz \u2013 nat\u00fcrlich kraftvoll f\u00fcr Sp\u00fclmaschinen<\/h2>\n<p>&nbsp;<\/p>\n<p>SALPINA garantiert beste Qualit\u00e4t aus \u00d6sterreich, sorgt f\u00fcr langlebige Sp\u00fclmaschinen und Geschirr ohne Kalkablagerungen.<\/p>\n<ul>\n<li><strong>gl\u00e4nzendes Ergebnis<\/strong><\/li>\n<li><strong>Verpackung aus Graskarton<\/strong><\/li>\n<li><strong>100 % biologisch abbaubar<\/strong><\/li>\n<li><strong>100 % aus \u00d6sterreichs Alpen<\/strong><\/li>\n<li><strong>nat\u00fcrlicher Rohstoff<\/strong><\/li>\n<li><strong>h\u00f6chste Effektivit\u00e4t<\/strong><\/li>\n<li><strong>h\u00f6chster Verwendungskomfort<\/strong><\/li>\n<\/ul>\n<p><img loading=\"lazy\" class=\"alignnone size-full wp-image-4884\" src=\"https:\/\/www.salinen.com\/shop\/wp-content\/uploads\/2022\/02\/recycling-dreieck-spezial-salpina.png\" alt=\"recyclebar\" width=\"47\" height=\"50\" \/><\/p>\n","protected":false},"featured_media":8525,"comment_status":"open","ping_status":"closed","template":"","meta":[],"product_cat":[29,198,197],"product_tag":[],"_links":{"self":[{"href":"https:\/\/www.salinen.com\/shop\/de\/wp-json\/wp\/v2\/product\/2633"}],"collection":[{"href":"https:\/\/www.salinen.com\/shop\/de\/wp-json\/wp\/v2\/product"}],"about":[{"href":"https:\/\/www.salinen.com\/shop\/de\/wp-json\/wp\/v2\/types\/product"}],"replies":[{"embeddable":true,"href":"https:\/\/www.salinen.com\/shop\/de\/wp-json\/wp\/v2\/comments?post=2633"}],"version-history":[{"count":12,"href":"https:\/\/www.salinen.com\/shop\/de\/wp-json\/wp\/v2\/product\/2633\/revisions"}],"predecessor-version":[{"id":3084,"href":"https:\/\/www.salinen.com\/shop\/de\/wp-json\/wp\/v2\/product\/2633\/revisions\/3084"}],"wp:featuredmedia":[{"embeddable":true,"href":"https:\/\/www.salinen.com\/shop\/de\/wp-json\/wp\/v2\/media\/8525"}],"wp:attachment":[{"href":"https:\/\/www.salinen.com\/shop\/de\/wp-json\/wp\/v2\/media?parent=2633"}],"wp:term":[{"taxonomy":"product_cat","embeddable":true,"href":"https:\/\/www.salinen.com\/shop\/de\/wp-json\/wp\/v2\/product_cat?post=2633"},{"taxonomy":"product_tag","embeddable":true,"href":"https:\/\/www.salinen.com\/shop\/de\/wp-json\/wp\/v2\/product_tag?post=2633"}],"curies":[{"name":"wp","href":"https:\/\/api.w.org\/{rel}","templated":true}]}}

<div class="row thb-product-main-row">
<div class="container">
<div class="row">
<div class="col-xs-6 col-sm-4 col-md-3 col-lg-1" style="text-align: center;"><img loading="lazy" class="alignnone size-medium wp-image-4970" src="https://www.salinen.com/shop/wp-content/uploads/2022/05/ICON_glaenzendes-Spuelergebnis.png" alt="Glänzendes Spülergebnis" width="100" height="100" /><br />
<span style="text-align: center; font-size: 11px; font-weight: bold;">GLÄNZENDES<br />
SPÜLERGEBNIS</span></div>
<div class="col-xs-6 col-sm-4 col-md-3 col-lg-2" style="text-align: center;"><img loading="lazy" class="alignnone size-medium wp-image-4968" src="https://www.salinen.com/shop/wp-content/uploads/2022/05/ICON_schuetzt-Geraete.png" alt="Schützt Geräte" width="100" height="100" /><br />
<span style="text-align: center; font-size: 11px; font-weight: bold;">SCHÜTZT<br />
GERÄTE</span></div>
<div class="col-xs-6 col-sm-4 col-md-3 col-lg-1" style="text-align: center;"><img loading="lazy" class="alignnone size-medium wp-image-4966" src="https://www.salinen.com/shop/wp-content/uploads/2022/05/ICON_EN-zertifiziert.png" alt="EN-Zertifiziert" width="100" height="100" /><br />
<span style="text-align: center; font-size: 11px; font-weight: bold;">EN<br />
ZERTIFIZIERT</span></div>
<div class="col-xs-6 col-sm-4 col-md-3 col-lg-2" style="text-align: center;"><img loading="lazy" class="alignnone size-medium wp-image-4962" src="https://www.salinen.com/shop/wp-content/uploads/2022/05/ICON_biologisch-Abbaubar.png" alt="Biologisch abbaubar" width="100" height="100" /><br />
<span style="text-align: center; font-size: 11px; font-weight: bold;">BIOLOGISCH<br />
ABBAUBAR</span></div>
</div>
</div>
<div class="small-12 medium-6 columns" style="margin-top: 20px;">
<p><strong>SALPINA Spezial-Salz</strong> verhindert Kalkablagerungen auf Gläsern und Geschirr, verbessert erheblich das Spülergebnis und schützt Ihr Gerät vor teuren Reparaturen. Mit einem Reinheitsgrad von über 99,6 % ist sorgt <strong>SALPINA Spezial-Salz</strong> für eine effektive Regenerierung Ihrer Spülmaschinen und ist dabei völlig frei von Duft- und Farbstoffen. Aufgrund der hohen Konzentration ist auch sonst keinerlei Chemie notwendig. <strong>SALPINA Salz-Tabs</strong> entsprechen natürlich den gängigen Trinkwasser-Verordnungen.<br />
Die umweltfreundliche und nachhaltige Verpackung aus Graskarton ist leicht zu öffnen und das Geschirrspülsalz ganz einfach zu dosieren.<br />
SALPINA Spezial-Salz stammt zu 100 % aus Österreichs Alpen.</p>
<p><strong>WARUM BENÖTIGE ICH SALZ FÜR DEN GESCHIRRSPÜLER?</strong><br />
Geschirrspüler besitzen einen Wasserenthärter, der Kalk und Magnesium aus dem Wasser filtert. Dafür benötigt der Ionentauscher im Wasserenthärter Geschirrspül- oder Regeneriersalz. So werden Kalkablagerungen in der Maschine und am Geschirr vermieden, Verstopfungen vorgebeugt und teure Reparaturarbeiten verhindert.</p>
<p><strong>Höchste Effektivität: über 99,6 % NaCI Reinheit sichert höchste Wirkung.</strong></p>
</div>
</div>

<h2>Grobkörniges Spezial-Salz – natürlich kraftvoll für Spülmaschinen</h2>
<p>&nbsp;</p>
<p>SALPINA garantiert beste Qualität aus Österreich, sorgt für langlebige Spülmaschinen und Geschirr ohne Kalkablagerungen.</p>
<ul>
<li><strong>glänzendes Ergebnis</strong></li>
<li><strong>Verpackung aus Graskarton</strong></li>
<li><strong>100 % biologisch abbaubar</strong></li>
<li><strong>100 % aus Österreichs Alpen</strong></li>
<li><strong>natürlicher Rohstoff</strong></li>
<li><strong>höchste Effektivität</strong></li>
<li><strong>höchster Verwendungskomfort</strong></li>
</ul>
<p><img loading="lazy" class="alignnone size-full wp-image-4884" src="https://www.salinen.com/shop/wp-content/uploads/2022/02/recycling-dreieck-spezial-salpina.png" alt="recyclebar" width="47" height="50" /></p>
