{"id":1087,"date":"2021-11-16T13:14:10","date_gmt":"2021-11-16T12:14:10","guid":{"rendered":"https:\/\/www.salinen.com\/woo\/produkt\/bad-ischler-chili-salz-90g\/"},"modified":"2026-04-25T20:51:28","modified_gmt":"2026-04-25T18:51:28","slug":"bad-ischler-chili-salz-90g","status":"publish","type":"product","link":"https:\/\/www.salinen.com\/shop\/de\/produkt\/bad-ischler-chili-salz-90g\/","title":{"rendered":"BAD ISCHLER Chili Salz 90g"},"content":{"rendered":"<p>Dezent scharf und ausgewogen im Geschmack bietet das <strong>BAD ISCHLER Chili Salz<\/strong> die richtige Alternative zu herk\u00f6mmlichen Chili Gew\u00fcrzen. Das <strong>feink\u00f6rnige und jodierte<\/strong>\u00a0<strong>BAD ISCHLER Chili Salz<\/strong> im praktischen Streuer eignet sich hervorragend zum W\u00fcrzen und Verfeinern von Grillmarinaden, asiatischer K\u00fcche, Pasta, Guacamole, Chili con Carne, Salsa und vielem mehr.<\/p>\n<p>Ideal f\u00fcr alle, die es lieber scharf haben.<\/p>\n<p>Unsere Gew\u00fcrzsalze sind zu <strong>100 % vegan, allergenfrei, glutenfrei und lactosefrei!<\/strong> Gaumenfreuden sind somit garantiert!<\/p>\n","protected":false},"excerpt":{"rendered":"<h2>Gew\u00fcrzsalz \u2013 fein &amp; jodiert<\/h2>\n<p>&nbsp;<\/p>\n<p>Dezent scharfes und fruchtiges Chiligew\u00fcrzsalz aus den \u00f6sterreichischen Alpen.<\/p>\n<ul>\n<li><strong>feink\u00f6rnig &amp; jodiert<\/strong><\/li>\n<li><strong>im handlichen &amp; praktischen 90g Streuer<\/strong><\/li>\n<li><strong>bestens geeignet zum Verfeinern &amp; W\u00fcrzen von Asiatischer K\u00fcche, Grillmarinaden, Pasta, Chili con Carne, Salsa.<\/strong><\/li>\n<li><strong>vom Berg besch\u00fctzt und bewahrt<\/strong><\/li>\n<li><strong>schonend gef\u00f6rdert und sorgsam verarbeitet in \u00d6sterreich<\/strong><\/li>\n<\/ul>\n<p><img loading=\"lazy\" class=\"alignnone size-full wp-image-1432\" src=\"https:\/\/www.salinen.com\/shop\/wp-content\/uploads\/2021\/11\/ama-onlineshop-saag-2021.jpg\" alt=\"\" width=\"120\" height=\"80\" srcset=\"https:\/\/www.salinen.com\/shop\/wp-content\/uploads\/2021\/11\/ama-onlineshop-saag-2021.jpg 120w, https:\/\/www.salinen.com\/shop\/wp-content\/uploads\/2021\/11\/ama-onlineshop-saag-2021-20x12.jpg 20w\" sizes=\"(max-width: 120px) 100vw, 120px\" \/><\/p>\n","protected":false},"featured_media":6450,"comment_status":"open","ping_status":"closed","template":"","meta":[],"product_cat":[24,28],"product_tag":[],"_links":{"self":[{"href":"https:\/\/www.salinen.com\/shop\/de\/wp-json\/wp\/v2\/product\/1087"}],"collection":[{"href":"https:\/\/www.salinen.com\/shop\/de\/wp-json\/wp\/v2\/product"}],"about":[{"href":"https:\/\/www.salinen.com\/shop\/de\/wp-json\/wp\/v2\/types\/product"}],"replies":[{"embeddable":true,"href":"https:\/\/www.salinen.com\/shop\/de\/wp-json\/wp\/v2\/comments?post=1087"}],"version-history":[{"count":8,"href":"https:\/\/www.salinen.com\/shop\/de\/wp-json\/wp\/v2\/product\/1087\/revisions"}],"predecessor-version":[{"id":13978,"href":"https:\/\/www.salinen.com\/shop\/de\/wp-json\/wp\/v2\/product\/1087\/revisions\/13978"}],"wp:featuredmedia":[{"embeddable":true,"href":"https:\/\/www.salinen.com\/shop\/de\/wp-json\/wp\/v2\/media\/6450"}],"wp:attachment":[{"href":"https:\/\/www.salinen.com\/shop\/de\/wp-json\/wp\/v2\/media?parent=1087"}],"wp:term":[{"taxonomy":"product_cat","embeddable":true,"href":"https:\/\/www.salinen.com\/shop\/de\/wp-json\/wp\/v2\/product_cat?post=1087"},{"taxonomy":"product_tag","embeddable":true,"href":"https:\/\/www.salinen.com\/shop\/de\/wp-json\/wp\/v2\/product_tag?post=1087"}],"curies":[{"name":"wp","href":"https:\/\/api.w.org\/{rel}","templated":true}]}}

<p>Dezent scharf und ausgewogen im Geschmack bietet das <strong>BAD ISCHLER Chili Salz</strong> die richtige Alternative zu herkömmlichen Chili Gewürzen. Das <strong>feinkörnige und jodierte</strong> <strong>BAD ISCHLER Chili Salz</strong> im praktischen Streuer eignet sich hervorragend zum Würzen und Verfeinern von Grillmarinaden, asiatischer Küche, Pasta, Guacamole, Chili con Carne, Salsa und vielem mehr.</p>
<p>Ideal für alle, die es lieber scharf haben.</p>
<p>Unsere Gewürzsalze sind zu <strong>100 % vegan, allergenfrei, glutenfrei und lactosefrei!</strong> Gaumenfreuden sind somit garantiert!</p>

<h2>Gewürzsalz – fein &amp; jodiert</h2>
<p>&nbsp;</p>
<p>Dezent scharfes und fruchtiges Chiligewürzsalz aus den österreichischen Alpen.</p>
<ul>
<li><strong>feinkörnig &amp; jodiert</strong></li>
<li><strong>im handlichen &amp; praktischen 90g Streuer</strong></li>
<li><strong>bestens geeignet zum Verfeinern &amp; Würzen von Asiatischer Küche, Grillmarinaden, Pasta, Chili con Carne, Salsa.</strong></li>
<li><strong>vom Berg beschützt und bewahrt</strong></li>
<li><strong>schonend gefördert und sorgsam verarbeitet in Österreich</strong></li>
</ul>
<p><img loading="lazy" class="alignnone size-full wp-image-1432" src="https://www.salinen.com/shop/wp-content/uploads/2021/11/ama-onlineshop-saag-2021.jpg" alt="" width="120" height="80" srcset="https://www.salinen.com/shop/wp-content/uploads/2021/11/ama-onlineshop-saag-2021.jpg 120w, https://www.salinen.com/shop/wp-content/uploads/2021/11/ama-onlineshop-saag-2021-20x12.jpg 20w" sizes="(max-width: 120px) 100vw, 120px" /></p>
